*-6. Let t = 146 - x. Calculate the remainder when t is divided by 26.
24
Let x(h) = 3*h**2. Let o(r) = 4*r**2 + 21*r + 11. What is the remainder when o(-5) is divided by x(-1)?
0
Let a = -23 - -26. Suppose 3*q = -a*q + 24. Suppose -q*k + 388 = -4*p, -3*k + 5*p + 420 - 119 = 0. What is the remainder when k is divided by 24?
20
Let l be 4 + -5 - 1/1. Let h(c) = 7*c - 5. Calculate the remainder when h(7) is divided by 1/((-1)/30*l).
14
Suppose x + 3*x = 2*m - 20, x + 77 = 5*m. What is the remainder when 77 is divided by m?
13
Let b(s) = 3*s - 3. Let d be b(2). Suppose -d*g - 2*g + 20 = 0. Let q = g - -42. What is the remainder when q is divided by 12?
10
Let v = -98 + 171. What is the remainder when v is divided by 20?
13
Let m be (-2)/4*-4 + -5. Let q = 1 - m. Suppose 2*j + 3*g - 86 = 0, q*g = j - 42 + 10. Calculate the remainder when j is divided by 14.
12
Let g be ((-4)/5)/(-2) - 2368/(-80). Suppose 2*y = 386 - g. What is the remainder when y is divided by 45?
43
Let o = -421 - -430. What is the remainder when 114 is divided by o?
6
Let f = -5 - -4. Let c(m) = -9*m**3 + m**2 + m + 1. Let o = 788 + -751. Calculate the remainder when o is divided by c(f).
7
Let j = -44 + 48. Suppose -5*l - 2*c + 77 = -0*l, l + c = 16. Calculate the remainder when j is divided by (10/l)/((-2)/(-6)).
0
Suppose -582 = -290*j + 284*j. Calculate the remainder when 193 is divided by j.
96
Suppose -4*h = -h. Suppose -3*z + s + 38 = h, -2*s - 52 = z - 5*z. Calculate the remainder when 21 is divided by z.
9
What is the remainder when (-63)/((-11)/(-2) + -7) is divided by 37?
5
Calculate the remainder when 344 is divided by ((95/(-10) - -6) + 3)*-58.
25
Suppose 2*b - 24 = -4. Let i(d) = -d + 19. Calculate the remainder when 29 is divided by i(b).
2
Suppose 0 = -2*o - 6 - 4, w - 4*o = 29. What is the remainder when 1 + (-7)/((-14)/(-4)) + w is divided by 3?
2
Suppose 0 = 8*o - 7*o - 4, -4*o + 136 = 4*j. What is the remainder when ((-16)/6)/((-1)/33) is divided by j?
28
Suppose -3*m + 4*s + 1 = -5, 12 = 4*s. Suppose 4*r = -3*c, 5*c + 0 - 11 = -3*r. What is the remainder when (0 - 1)*45/r is divided by m?
3
Suppose 7*d - 48 = -9*d. Suppose a - 2*m = 22, d*a + 4*m = 20 + 46. What is the remainder when 87 is divided by a?
21
Calculate the remainder when 104 is divided by (7 + (-2)/(-2))*(-12)/(-24).
0
Suppose 232 = 9*m + 4*t - 275, m = -t + 53. Suppose 0 = -2*i + 2*u + 14 + 10, 6 = i - 3*u. Calculate the remainder when m is divided by i.
14
Suppose z - 5*a = -7*a + 41, 3*z - 4*a = 93. What is the remainder when 55 is divided by z?
20
Let r(d) = 4*d**3 - d**2 + 1. Let k be r(1). Suppose 0 = -k*h + 3*h - 9. Calculate the remainder when 31 is divided by 2/h - 292/(-18).
15
Suppose c + 4*g - 28 = 0, -4*g - 3 = -5*g. Let h = 73 + -102. Let k = 76 + h. Calculate the remainder when k is divided by c.
15
Let u(k) = 5*k**2 - k - 1. Calculate the remainder when 504/11 + 34/187 is divided by u(2).
12
Let g(w) = w + 1. Let b(n) = -3*n + 17. Let m(u) = -b(u) - 2*g(u). Let f be m(14). What is the remainder when 10 is divided by f/(-1) - 0/(-2)?
0
Let z(l) = -10*l**3 - 2*l**2 + 3*l + 3. Suppose 5*t = 176 + 4. Calculate the remainder when z(-2) is divided by t.
33
Let j(y) = -61*y**3 + y**2 + y + 1. Let s(i) = i**2 + 3. Let o be s(0). Suppose -o = 6*t - 81. Calculate the remainder when j(-1) is divided by t.
10
Let y = 77 - 50. What is the remainder when 510 is divided by y?
24
Let p be (2 + (-40)/12)*-3. Suppose 112 = -p*u + 8*u. Calculate the remainder when 55 is divided by u.
27
Let u = 1 - 5. Let i = u - -44. Suppose 7*g - 3*g - i = 0. What is the remainder when 27 is divided by g?
7
Calculate the remainder when (-169)/(-1183) + (-3050)/(-14) is divided by 89.
40
Let u = -42 - -44. Calculate the remainder when (7/(-5))/(-4*u/40) is divided by 5.
2
What is the remainder when 197 is divided by (-19)/(38/(-12)) + (7 - 2)?
10
Suppose 5 = 5*q - 0, 4*h + 29 = q. Let k(y) = 3*y + 15 + 4*y**2 + 2*y - 3*y**2. What is the remainder when 113 is divided by k(h)?
26
Let u = 1056 - 782. Calculate the remainder when u is divided by 23.
21
Suppose 579 - 1259 = -17*j. What is the remainder when 358 is divided by j?
38
Suppose 3*x = -4 + 10. Suppose 5*w + 0*c + c - 14 = 0, 3*w + 5*c - 26 = 0. Calculate the remainder when x is divided by w.
0
Suppose 34*y = 35*y - 4. Suppose -y*q - 28 = -5*q. What is the remainder when 81 is divided by q?
25
Suppose -8*c = -91 + 11. What is the remainder when c is divided by (2 - 3) + -1 + 6?
2
Suppose -2*a + 5*c = 3*c - 236, -a + 2*c = -113. Calculate the remainder when a is divided by 110.
13
Suppose q + 286 = 5*d + 61, 26 = d - 4*q. Suppose 4*y - 104 = 16*v - 20*v, 3*y = 6. What is the remainder when d is divided by v?
22
Let r(o) = 34*o + 155. Calculate the remainder when r(-3) is divided by 16.
5
Let x(f) = -f**2 - 8*f - 5. Let t = 31 + -37. What is the remainder when 12 is divided by x(t)?
5
Let i be (-4)/(-3 - (-35)/15). Suppose -696 = i*o - 18*o. Calculate the remainder when o is divided by 15.
13
Let a(t) = -t**3 - 9*t**2 - 20*t - 20. Suppose -2*p - 15 = 27. Let w = p - -33. Calculate the remainder when a(-7) is divided by w.
10
Suppose 5*j + 15 = 2*j. Let g(w) = w**3 + 3*w**2 - 4*w + 3. What is the remainder when (-31 - -2)*10/j is divided by g(2)?
13
Suppose -o - 612 = -4*q - 78, -2*q = 4*o - 276. Suppose 76*p + 55*p - 6120 = -49*p. Calculate the remainder when q is divided by p.
32
Suppose 766 = 2*n - t, -3*t = 12*n - 13*n + 388. Calculate the remainder when n is divided by 50.
32
Let j = 7 + -24. Let t = -17 - j. Suppose 2*l = -4*c + 229 + 15, t = -c - l + 62. What is the remainder when c is divided by 21?
18
Let c(z) = z + 65. Let a be c(0). Let g = 113 - a. Calculate the remainder when g/5*(-50)/(-15) is divided by 9.
5
What is the remainder when 206 is divided by (4 - (-368)/(-88)) + (-290)/(-22)?
11
Suppose 2*h - h - 68 = 0. Suppose -3*i + h = f + f, -4*i + 3*f = -102. What is the remainder when i is divided by 13?
11
Suppose 0 = -7*u + 3*u + 80. What is the remainder when (56/(-42))/((-4)/114) is divided by u?
18
Suppose 0*l + 3*l + 425 = 5*i, 5*i - 2*l = 430. What is the remainder when 170 is divided by i?
82
Suppose -2*m = -2*a + 48, -3*m = 4*a - 56 - 33. Calculate the remainder when 79 is divided by a.
10
Let z(d) = d**2 + d + 5. Let g be z(0). Suppose 2*x - j - 21 = x, 4*j = g*x - 101. Calculate the remainder when 737/(-22)*(-1 - 1) is divided by x.
16
Let j = -1460 - -1483. What is the remainder when j is divided by 17?
6
Let b(l) = -l**3 - 12*l**2 + 11*l - 8. Suppose 52 = 3*u - 7*u. Let a(w) = -4*w + 7. What is the remainder when a(-11) is divided by b(u)?
15
Suppose 3827 = 51*c - 1018. What is the remainder when 473 is divided by c?
93
Let m(v) = v**2 - 7*v - 15. Let f be m(8). Calculate the remainder when f - -4 - 24/(-2) is divided by 3.
0
Let s(b) = 3*b - 6. Let p = 156 - 86. Calculate the remainder when p is divided by s(6).
10
What is the remainder when 334 is divided by (-90)/(-240) + 1 + (-975)/(-24)?
40
Let u = 3 - 1. Suppose -2*x + u*r = -2*r + 16, x = 4*r - 4. Let l = -5 - x. Calculate the remainder when l is divided by 5.
2
Let o = -855 - -852. Suppose -14 - 10 = q. Let z = o - q. Calculate the remainder when z is divided by 8.
5
Let l = 60 + -38. What is the remainder when l is divided by 0 + 10 + (1 - -7) + -12?
4
Let u = -1490 + 1506. Calculate the remainder when 89 is divided by u.
9
Let v(s) = 913*s**2 + 4*s + 2. What is the remainder when v(1) is divided by 92?
91
Let i = 2275 + -2264. Let n(j) = -j**2 + 9*j + 2. Calculate the remainder when n(6) is divided by i.
9
Let q be (-18)/(-45) + 96/10. Suppose -2*l + q = 4. Suppose 0 = -l*n - n + 204. Calculate the remainder when n is divided by 13.
12
Let s(u) = u**2 - 8*u + 6. Let a(r) = -3*r - 3. Let k be a(-4). Let d be s(k). What is the remainder when 6/d - 129/(-15) is divided by 6?
3
Suppose 2*s - 53 = 5*w, 12*s - 9*s + 3*w - 27 = 0. What is the remainder when 27 is divided by s?
13
Let i = 609 - 602. What is the remainder when (0 + 0)*1 - -16 is divided by i?
2
Let b(p) = 37*p - 80 + 84*p + 79 + 26*p. What is the remainder when b(1) is divided by 37?
35
Let x(z) = z**2 + z + 1. Let r(v) = -23*v**2 + 2*v + 3. Let h(a) = -r(a) + 3*x(a). Let w = 3 + 77. What is the remainder when